{"id":54,"date":"2025-12-05T19:53:12","date_gmt":"2025-12-05T19:53:12","guid":{"rendered":"https:\/\/porthaller.pl\/?page_id=54"},"modified":"2026-01-15T20:33:47","modified_gmt":"2026-01-15T20:33:47","slug":"54-2","status":"publish","type":"page","link":"https:\/\/porthaller.pl\/","title":{"rendered":"Strona g\u0142\u00f3wna"},"content":{"rendered":"\n<div class=\"wp-block-cover alignfull front-cover has-aspect-ratio\" style=\"padding-top:var(--wp--preset--spacing--80);padding-bottom:var(--wp--preset--spacing--80);aspect-ratio:auto;min-height:unset;\"><img fetchpriority=\"high\" decoding=\"async\" width=\"2560\" height=\"1429\" class=\"wp-block-cover__image-background wp-image-988 size-full\" alt=\"\" src=\"https:\/\/porthaller.pl\/wp-content\/uploads\/2026\/01\/PortHaller-scaled.webp\" data-object-fit=\"cover\" srcset=\"https:\/\/porthaller.pl\/wp-content\/uploads\/2026\/01\/PortHaller-scaled.webp 2560w, https:\/\/porthaller.pl\/wp-content\/uploads\/2026\/01\/PortHaller-300x167.webp 300w, https:\/\/porthaller.pl\/wp-content\/uploads\/2026\/01\/PortHaller-1024x572.webp 1024w, https:\/\/porthaller.pl\/wp-content\/uploads\/2026\/01\/PortHaller-768x429.webp 768w, https:\/\/porthaller.pl\/wp-content\/uploads\/2026\/01\/PortHaller-1536x857.webp 1536w, https:\/\/porthaller.pl\/wp-content\/uploads\/2026\/01\/PortHaller-2048x1143.webp 2048w\" sizes=\"(max-width: 2560px) 100vw, 2560px\" \/><span aria-hidden=\"true\" class=\"wp-block-cover__background has-black-background-color has-background-dim-70 has-background-dim\"><\/span><div class=\"wp-block-cover__inner-container is-layout-flow wp-block-cover-is-layout-flow\">\n<div class=\"wp-block-group is-layout-constrained wp-block-group-is-layout-constrained\" style=\"padding-top:var(--wp--preset--spacing--80);padding-bottom:var(--wp--preset--spacing--80)\">\n<div class=\"wp-block-group full-size is-layout-flow wp-block-group-is-layout-flow\">\n<h1 class=\"wp-block-heading has-text-align-center animated backInDown has-foreground-color has-text-color has-link-color has-huge-font-size wp-elements-0c85c51fa6d22bee0609625d8e9f3b6a\" style=\"font-style:normal;font-weight:600\">PORT HALLER<\/h1>\n\n\n\n<p class=\"has-text-align-center animated backInLeft has-text-link-color has-text-color has-link-color has-large-font-size wp-elements-aa651fa4f011f38561953c3d9be7c9e5\"><strong>Bezpiecze\u0144stwo, rozw\u00f3j, dobrobyt<\/strong>.<\/p>\n\n\n\n<p class=\"has-text-align-center animated backInRight full-size has-foreground-color has-text-color has-link-color has-large-font-size wp-elements-5e665f5f552445db15de0531aab659ad\"><strong>Wsp\u00f3lnie zbudujemy nowy polski port na Ba\u0142tyku.<\/strong><\/p>\n\n\n\n<div class=\"wp-block-buttons is-content-justification-center is-layout-flex wp-container-core-buttons-is-layout-a89b3969 wp-block-buttons-is-layout-flex\">\n<div class=\"wp-block-button animated backInDown\"><a class=\"wp-block-button__link wp-element-button\" href=\"https:\/\/porthaller.pl\/index.php\/o-porcie\/\">POZNAJ<\/a><\/div>\n\n\n\n<div class=\"wp-block-button animated backInDown\"><a class=\"wp-block-button__link wp-element-button\" href=\"https:\/\/porthaller.pl\/index.php\/dolacz-do-nas\/\">DO\u0141\u0104CZ<\/a><\/div>\n<\/div>\n<\/div>\n\n\n\n<p class=\"has-text-align-center info-bottom-right animated backInDown has-color-light-color has-text-color has-link-color wp-elements-0863890f27b200615aa384d643588e91\" style=\"font-size:7px\">Materia\u0142 ma charakter pogl\u0105dowy  i nie przedstawia ostatecznego projektu.<\/p>\n<\/div>\n<\/div><\/div>\n\n\n\n<div style=\"height:30px\" aria-hidden=\"true\" class=\"wp-block-spacer\"><\/div>\n\n\n\n<div class=\"wp-block-cover alignfull\" style=\"padding-top:10rem;padding-bottom:10rem\"><img decoding=\"async\" width=\"1920\" height=\"1080\" class=\"wp-block-cover__image-background wp-image-937 size-full\" alt=\"\" src=\"https:\/\/porthaller.pl\/wp-content\/uploads\/2026\/01\/1-copy.webp\" style=\"object-position:50% 58%\" data-object-fit=\"cover\" data-object-position=\"50% 58%\" srcset=\"https:\/\/porthaller.pl\/wp-content\/uploads\/2026\/01\/1-copy.webp 1920w, https:\/\/porthaller.pl\/wp-content\/uploads\/2026\/01\/1-copy-300x169.webp 300w, https:\/\/porthaller.pl\/wp-content\/uploads\/2026\/01\/1-copy-1024x576.webp 1024w, https:\/\/porthaller.pl\/wp-content\/uploads\/2026\/01\/1-copy-768x432.webp 768w, https:\/\/porthaller.pl\/wp-content\/uploads\/2026\/01\/1-copy-1536x864.webp 1536w\" sizes=\"(max-width: 1920px) 100vw, 1920px\" \/><span aria-hidden=\"true\" class=\"wp-block-cover__background has-black-background-color has-background-dim\"><\/span><div class=\"wp-block-cover__inner-container is-layout-flow wp-block-cover-is-layout-flow\">\n<div class=\"wp-block-group is-content-justification-left is-layout-constrained wp-container-core-group-is-layout-cc739763 wp-block-group-is-layout-constrained\">\n<div class=\"wp-block-group is-layout-flow wp-block-group-is-layout-flow\">\n<h2 class=\"wp-block-heading animated backInLeft delay-100ms\" style=\"font-style:normal;font-weight:400\"><strong>CZYM B\u0118DZIE PORT HALLER?<\/strong><\/h2>\n\n\n\n<p class=\"has-text-align-left animated backInLeft delay-100ms has-normal-font-size\">To strategiczna inwestycja, kt\u00f3ra zwi\u0119kszy bezpiecze\u0144stwo, o\u017cywi gospodark\u0119 i wzmocni pozycj\u0119 Polski na Ba\u0142tyku.<\/p>\n\n\n\n<div class=\"wp-block-buttons is-content-justification-left is-layout-flex wp-container-core-buttons-is-layout-fc4fd283 wp-block-buttons-is-layout-flex\">\n<div class=\"wp-block-button animated backInLeft delay-100ms\"><a class=\"wp-block-button__link wp-element-button\" href=\"https:\/\/porthaller.pl\/index.php\/o-porcie\/\">WI\u0118CEJ<\/a><\/div>\n<\/div>\n<\/div>\n<\/div>\n<\/div><\/div>\n\n\n\n<div style=\"height:30px\" aria-hidden=\"true\" class=\"wp-block-spacer\"><\/div>\n\n\n\n<div class=\"wp-block-cover alignfull\" style=\"padding-top:10rem;padding-bottom:10rem\"><img decoding=\"async\" width=\"1920\" height=\"1080\" class=\"wp-block-cover__image-background wp-image-929 size-full\" alt=\"\" src=\"https:\/\/porthaller.pl\/wp-content\/uploads\/2026\/01\/3.webp\" data-object-fit=\"cover\" srcset=\"https:\/\/porthaller.pl\/wp-content\/uploads\/2026\/01\/3.webp 1920w, https:\/\/porthaller.pl\/wp-content\/uploads\/2026\/01\/3-300x169.webp 300w, https:\/\/porthaller.pl\/wp-content\/uploads\/2026\/01\/3-1024x576.webp 1024w, https:\/\/porthaller.pl\/wp-content\/uploads\/2026\/01\/3-768x432.webp 768w, https:\/\/porthaller.pl\/wp-content\/uploads\/2026\/01\/3-1536x864.webp 1536w\" sizes=\"(max-width: 1920px) 100vw, 1920px\" \/><span aria-hidden=\"true\" class=\"wp-block-cover__background has-black-background-color has-background-dim-60 has-background-dim\"><\/span><div class=\"wp-block-cover__inner-container is-layout-flow wp-block-cover-is-layout-flow\">\n<div class=\"wp-block-group is-content-justification-right is-layout-constrained wp-container-core-group-is-layout-04d9e9c7 wp-block-group-is-layout-constrained\">\n<div class=\"wp-block-group is-layout-flow wp-block-group-is-layout-flow\">\n<h2 class=\"wp-block-heading animated backInRight delay-100ms\" style=\"font-style:normal;font-weight:400\"><strong><strong>JAK POWSTANIE PORT PRZYSZ\u0141O\u015aCI?<\/strong><\/strong><\/h2>\n\n\n\n<p class=\"has-text-align-left animated backInRight delay-100ms has-normal-font-size\">Przedstawiamy plan realizacji, mo\u017cliwe \u017ar\u00f3d\u0142a finansowania oraz spos\u00f3b, w jaki wsp\u00f3lnie doprowadzimy projekt do ko\u0144ca.<\/p>\n\n\n\n<div class=\"wp-block-buttons is-content-justification-left is-layout-flex wp-container-core-buttons-is-layout-fc4fd283 wp-block-buttons-is-layout-flex\">\n<div class=\"wp-block-button animated backInRight delay-100ms\"><a class=\"wp-block-button__link wp-element-button\" href=\"https:\/\/porthaller.pl\/index.php\/realizacja\/\">ZOBACZ<\/a><\/div>\n<\/div>\n<\/div>\n<\/div>\n<\/div><\/div>\n\n\n\n<div style=\"height:30px\" aria-hidden=\"true\" class=\"wp-block-spacer\"><\/div>\n\n\n\n<div class=\"wp-block-cover alignfull\"><img loading=\"lazy\" decoding=\"async\" width=\"1920\" height=\"1080\" class=\"wp-block-cover__image-background wp-image-930 size-full\" alt=\"\" src=\"https:\/\/porthaller.pl\/wp-content\/uploads\/2026\/01\/4.webp\" data-object-fit=\"cover\" srcset=\"https:\/\/porthaller.pl\/wp-content\/uploads\/2026\/01\/4.webp 1920w, https:\/\/porthaller.pl\/wp-content\/uploads\/2026\/01\/4-300x169.webp 300w, https:\/\/porthaller.pl\/wp-content\/uploads\/2026\/01\/4-1024x576.webp 1024w, https:\/\/porthaller.pl\/wp-content\/uploads\/2026\/01\/4-768x432.webp 768w, https:\/\/porthaller.pl\/wp-content\/uploads\/2026\/01\/4-1536x864.webp 1536w\" sizes=\"(max-width: 1920px) 100vw, 1920px\" \/><span aria-hidden=\"true\" class=\"wp-block-cover__background has-black-background-color has-background-dim\"><\/span><div class=\"wp-block-cover__inner-container is-layout-flow wp-block-cover-is-layout-flow\">\n<div class=\"wp-block-group is-content-justification-left is-layout-constrained wp-container-core-group-is-layout-ad91c717 wp-block-group-is-layout-constrained\" style=\"padding-top:10rem;padding-bottom:10rem\">\n<div class=\"wp-block-group is-layout-flow wp-block-group-is-layout-flow\" style=\"border-top-left-radius:0px;border-top-right-radius:0px;border-bottom-left-radius:0px;border-bottom-right-radius:0px\">\n<h2 class=\"wp-block-heading animated backInLeft delay-100ms\" style=\"font-style:normal;font-weight:400\"><strong>LUDZIE STOJ\u0104CY ZA WIZJ\u0104<\/strong><\/h2>\n\n\n\n<p class=\"has-text-align-left animated backInLeft delay-100ms has-normal-font-size\">Poznaj autor\u00f3w projektu i ekspert\u00f3w, kt\u00f3rzy stworzyli koncepcj\u0119 Portu Haller.<\/p>\n\n\n\n<div class=\"wp-block-buttons is-content-justification-left is-layout-flex wp-container-core-buttons-is-layout-fc4fd283 wp-block-buttons-is-layout-flex\">\n<div class=\"wp-block-button animated backInLeft delay-100ms\"><a class=\"wp-block-button__link wp-element-button\" href=\"https:\/\/porthaller.pl\/index.php\/autorzy\/\">POZNAJ<\/a><\/div>\n<\/div>\n<\/div>\n<\/div>\n<\/div><\/div>\n\n\n\n<div style=\"height:30px\" aria-hidden=\"true\" class=\"wp-block-spacer\"><\/div>\n\n\n\n<div class=\"wp-block-cover alignfull wp-block-section wp-elements-6f11823aeb2b87b201a270ef8afdbb7c\"><img fetchpriority=\"high\" decoding=\"async\" width=\"2560\" height=\"1429\" class=\"wp-block-cover__image-background wp-image-988 size-full\" alt=\"\" src=\"https:\/\/porthaller.pl\/wp-content\/uploads\/2026\/01\/PortHaller-scaled.webp\" data-object-fit=\"cover\" srcset=\"https:\/\/porthaller.pl\/wp-content\/uploads\/2026\/01\/PortHaller-scaled.webp 2560w, https:\/\/porthaller.pl\/wp-content\/uploads\/2026\/01\/PortHaller-300x167.webp 300w, https:\/\/porthaller.pl\/wp-content\/uploads\/2026\/01\/PortHaller-1024x572.webp 1024w, https:\/\/porthaller.pl\/wp-content\/uploads\/2026\/01\/PortHaller-768x429.webp 768w, https:\/\/porthaller.pl\/wp-content\/uploads\/2026\/01\/PortHaller-1536x857.webp 1536w, https:\/\/porthaller.pl\/wp-content\/uploads\/2026\/01\/PortHaller-2048x1143.webp 2048w\" sizes=\"(max-width: 2560px) 100vw, 2560px\" \/><span aria-hidden=\"true\" class=\"wp-block-cover__background has-tertiary-background-color has-background-dim-80 has-background-dim\"><\/span><div class=\"wp-block-cover__inner-container is-layout-flow wp-block-cover-is-layout-flow\">\n<div class=\"wp-block-group is-layout-constrained wp-block-group-is-layout-constrained\">\n<div class=\"wp-block-group is-layout-flow wp-block-group-is-layout-flow\">\n<h2 class=\"wp-block-heading has-text-align-center has-text-link-color has-text-color animated bounceInDown delay-200ms\" style=\"text-transform:uppercase\"><strong>PORT HALLER NEWSLETTER<\/strong><\/h2>\n\n\n\n<h3 class=\"wp-block-heading has-text-align-center has-foreground-color has-text-color has-link-color wp-elements-0858708b844fc8f539bb2f61c53de3cf\" style=\"font-style:normal;font-weight:400\">Do\u0142\u0105cz do mi\u0142o\u015bnik\u00f3w tego projektu!<\/h3>\n\n\n\n<p class=\"has-text-align-center\">Dowiaduj si\u0119 pierwszy o post\u0119pach projektu i miej realny wp\u0142yw na przysz\u0142o\u015b\u0107 Portu Haller.<\/p>\n\n\n\n<div style=\"padding:0\" class=\"wp-block-tnp-minimal site-newsletter\"><p><\/p><div><div class=\"tnp tnp-subscription \">\n<form method=\"post\" action=\"https:\/\/porthaller.pl\/wp-admin\/admin-ajax.php?action=tnp&amp;na=s\">\n<input type=\"hidden\" name=\"nlang\" value=\"\">\n<div class=\"tnp-field tnp-field-firstname\"><label for=\"tnp-1\">Imi\u0119<\/label>\n<input class=\"tnp-name\" type=\"text\" name=\"nn\" id=\"tnp-1\" value=\"\" placeholder=\"Imi\u0119\" required><\/div>\n<div class=\"tnp-field tnp-field-surname\"><label for=\"tnp-2\">Nazwisko<\/label>\n<input class=\"tnp-surname\" type=\"text\" name=\"ns\" id=\"tnp-2\" value=\"\" placeholder=\"Nazwisko\" required><\/div><div class=\"tnp-field tnp-field-email\"><label for=\"tnp-3\">E-mail<\/label>\n<input class=\"tnp-email\" type=\"email\" name=\"ne\" id=\"tnp-3\" value=\"\" placeholder=\"E-mail\" required><\/div>\n<div class=\"tnp-field tnp-field-profile\"><label for=\"tnp-4\">Numer telefonu<\/label>\n<input class=\"tnp-profile tnp-profile-1\" id=\"tnp-profile_1\" type=\"text\" size=\"\" name=\"np1\" placeholder=\"Numer telefonu\" required><\/div>\n<div class=\"tnp-field tnp-field-button\" style=\"text-align: left\"><input class=\"tnp-submit\" type=\"submit\" value=\"DO\u0141\u0104CZAM\" style=\"\">\n<\/div>\n<\/form>\n<\/div>\n<\/div><\/div>\n<\/div>\n<\/div>\n\n\n\n<p class=\"has-text-align-center\" style=\"font-size:9px\">Twoje dane s\u0105 bezpieczne. Mo\u017cesz wypisa\u0107 si\u0119 z newslettera w dowolnej chwili.<\/p>\n<\/div><\/div>\n\n\n\n<div style=\"height:30px\" aria-hidden=\"true\" class=\"wp-block-spacer\"><\/div>\n\n\n\n<h2 class=\"wp-block-heading has-text-align-center animated bounceInDown has-text-link-color has-text-color has-link-color wp-elements-32457aa5043f51dc0ca70be3cc66b3dc\">AKTUALNO\u015aCI<\/h2>\n\n\n\n<div class=\"wp-block-query alignfull is-layout-constrained wp-block-query-is-layout-constrained\"><ul class=\"columns-3 alignwide wp-block-post-template is-layout-grid wp-container-core-post-template-is-layout-572542b5 wp-block-post-template-is-layout-grid\"><li class=\"wp-block-post post-1437 post type-post status-publish format-standard has-post-thumbnail hentry category-aktualnosci\">\n\n<div class=\"wp-block-group alignwide is-layout-constrained wp-block-group-is-layout-constrained\">\n<div class=\"wp-block-group alignfull wp-block-post-container is-layout-flow wp-block-group-is-layout-flow\"><figure class=\"alignfull wp-block-post-featured-image\"><a href=\"https:\/\/porthaller.pl\/index.php\/koncepcja-portu-haller-na-infraszyn-2026\/\" target=\"_self\"  ><img loading=\"lazy\" decoding=\"async\" width=\"1536\" height=\"875\" src=\"https:\/\/porthaller.pl\/wp-content\/uploads\/2026\/04\/infraszyn.jpg\" class=\"attachment-post-thumbnail size-post-thumbnail wp-post-image\" alt=\"Koncepcja Portu Haller na INFRASZYN 2026\" style=\"object-fit:cover;\" srcset=\"https:\/\/porthaller.pl\/wp-content\/uploads\/2026\/04\/infraszyn.jpg 1536w, https:\/\/porthaller.pl\/wp-content\/uploads\/2026\/04\/infraszyn-300x171.jpg 300w, https:\/\/porthaller.pl\/wp-content\/uploads\/2026\/04\/infraszyn-1024x583.jpg 1024w, https:\/\/porthaller.pl\/wp-content\/uploads\/2026\/04\/infraszyn-768x438.jpg 768w\" sizes=\"(max-width: 1536px) 100vw, 1536px\" \/><\/a><\/figure>\n\n<h2 class=\"wp-block-post-title\"><a href=\"https:\/\/porthaller.pl\/index.php\/koncepcja-portu-haller-na-infraszyn-2026\/\" target=\"_self\" >Koncepcja Portu Haller na INFRASZYN 2026<\/a><\/h2>\n\n\n<div class=\"wp-block-group wp-block-post-meta is-layout-flex wp-block-group-is-layout-flex\"><div class=\"wp-block-post-date flex\"><svg class=\"icon icon-calendar\" aria-hidden=\"true\" role=\"img\"> <use href=\"#icon-calendar\" xlink:href=\"#icon-calendar\"><\/use> <\/svg><time datetime=\"2026-04-14T09:49:25+00:00\"><a href=\"https:\/\/porthaller.pl\/index.php\/koncepcja-portu-haller-na-infraszyn-2026\/\">14 kwietnia, 2026<\/a><\/time><\/div><\/div>\n\n\n<div class=\"wp-block-post-excerpt\"><p class=\"wp-block-post-excerpt__excerpt\">Zapraszamy do dyskusji na INFRASZYN 2026. Nasz referat oparty jest o rzetelne dane i bran\u017cowe analizy. Skupiamy si\u0119 przede wszystkim na ekonomicznym i geopolitycznym uzasadnieniu konieczno\u015bci powstania czwartego pe\u0142nomorskiego portu w Polsce, jakim b\u0119dzie Port Haller. Do zobaczenia w Zakopanem!<\/p><p class=\"wp-block-post-excerpt__more-text\"><a class=\"wp-block-post-excerpt__more-link\" href=\"https:\/\/porthaller.pl\/index.php\/koncepcja-portu-haller-na-infraszyn-2026\/\">KONTYNUuJ CZYTANIE<\/a><\/p><\/div><\/div>\n<\/div>\n\n<\/li><li class=\"wp-block-post post-1417 post type-post status-publish format-standard has-post-thumbnail hentry category-aktualnosci tag-choczewo tag-gospodarkamorska tag-port-haller tag-ro-ro\">\n\n<div class=\"wp-block-group alignwide is-layout-constrained wp-block-group-is-layout-constrained\">\n<div class=\"wp-block-group alignfull wp-block-post-container is-layout-flow wp-block-group-is-layout-flow\"><figure class=\"alignfull wp-block-post-featured-image\"><a href=\"https:\/\/porthaller.pl\/index.php\/polska-morska-szachownica-gdzie-jest-miejsce-dla-portu-haller\/\" target=\"_self\"  ><img loading=\"lazy\" decoding=\"async\" width=\"1914\" height=\"673\" src=\"https:\/\/porthaller.pl\/wp-content\/uploads\/2026\/04\/rz4.png\" class=\"attachment-post-thumbnail size-post-thumbnail wp-post-image\" alt=\"Polska morska szachownica. Gdzie jest miejsce dla Portu Haller?\u00a0\" style=\"object-fit:cover;\" srcset=\"https:\/\/porthaller.pl\/wp-content\/uploads\/2026\/04\/rz4.png 1914w, https:\/\/porthaller.pl\/wp-content\/uploads\/2026\/04\/rz4-300x105.png 300w, https:\/\/porthaller.pl\/wp-content\/uploads\/2026\/04\/rz4-1024x360.png 1024w, https:\/\/porthaller.pl\/wp-content\/uploads\/2026\/04\/rz4-768x270.png 768w, https:\/\/porthaller.pl\/wp-content\/uploads\/2026\/04\/rz4-1536x540.png 1536w\" sizes=\"(max-width: 1914px) 100vw, 1914px\" \/><\/a><\/figure>\n\n<h2 class=\"wp-block-post-title\"><a href=\"https:\/\/porthaller.pl\/index.php\/polska-morska-szachownica-gdzie-jest-miejsce-dla-portu-haller\/\" target=\"_self\" >Polska morska szachownica. Gdzie jest miejsce dla Portu Haller?\u00a0<\/a><\/h2>\n\n\n<div class=\"wp-block-group wp-block-post-meta is-layout-flex wp-block-group-is-layout-flex\"><div class=\"wp-block-post-date flex\"><svg class=\"icon icon-calendar\" aria-hidden=\"true\" role=\"img\"> <use href=\"#icon-calendar\" xlink:href=\"#icon-calendar\"><\/use> <\/svg><time datetime=\"2026-04-11T09:10:27+00:00\"><a href=\"https:\/\/porthaller.pl\/index.php\/polska-morska-szachownica-gdzie-jest-miejsce-dla-portu-haller\/\">11 kwietnia, 2026<\/a><\/time><\/div><\/div>\n\n\n<div class=\"wp-block-post-excerpt\"><p class=\"wp-block-post-excerpt__excerpt\">Rzeczpospolita opublikowa\u0142a 9 kwietnia 2026 r. rozmow\u0119 Adama Wo\u017aniaka z Paw\u0142em Pluto-Pr\u0105dzy\u0144skim, cz\u0142onkiem zarz\u0105du Polsca Baltic Ferries. Tekst dotyczy kondycji polskich armator\u00f3w, nowego promu Jantar i strategii budowania pozycji na Ba\u0142tyku. Nie dotyczy Portu Haller. Tym bardziej warto go przeczyta\u0107. Gda\u0144sk za ma\u0142y, Gdynia zakorkowana, \u015awinouj\u015bcie niedostosowane. Pluto-Pr\u0105dzy\u0144ski opisuje infrastruktur\u0119 terminalow\u0105 z perspektywy cz\u0142owieka, kt\u00f3ry<\/p><p class=\"wp-block-post-excerpt__more-text\"><a class=\"wp-block-post-excerpt__more-link\" href=\"https:\/\/porthaller.pl\/index.php\/polska-morska-szachownica-gdzie-jest-miejsce-dla-portu-haller\/\">KONTYNUuJ CZYTANIE<\/a><\/p><\/div><\/div>\n<\/div>\n\n<\/li><li class=\"wp-block-post post-1408 post type-post status-publish format-standard has-post-thumbnail hentry category-aktualnosci\">\n\n<div class=\"wp-block-group alignwide is-layout-constrained wp-block-group-is-layout-constrained\">\n<div class=\"wp-block-group alignfull wp-block-post-container is-layout-flow wp-block-group-is-layout-flow\"><figure class=\"alignfull wp-block-post-featured-image\"><a href=\"https:\/\/porthaller.pl\/index.php\/port-haller-baza-dla-strazy-granicznej-i-sar-analizujemy-propozycje-gazety-morskiej\/\" target=\"_self\"  ><img loading=\"lazy\" decoding=\"async\" width=\"2560\" height=\"1396\" src=\"https:\/\/porthaller.pl\/wp-content\/uploads\/2026\/03\/sgwizualiacja-scaled.jpg\" class=\"attachment-post-thumbnail size-post-thumbnail wp-post-image\" alt=\"Port Haller baz\u0105 dla Stra\u017cy Granicznej i SAR? Analizujemy propozycje Gazety Morskiej.\" style=\"object-fit:cover;\" srcset=\"https:\/\/porthaller.pl\/wp-content\/uploads\/2026\/03\/sgwizualiacja-scaled.jpg 2560w, https:\/\/porthaller.pl\/wp-content\/uploads\/2026\/03\/sgwizualiacja-300x164.jpg 300w, https:\/\/porthaller.pl\/wp-content\/uploads\/2026\/03\/sgwizualiacja-1024x559.jpg 1024w, https:\/\/porthaller.pl\/wp-content\/uploads\/2026\/03\/sgwizualiacja-768x419.jpg 768w, https:\/\/porthaller.pl\/wp-content\/uploads\/2026\/03\/sgwizualiacja-1536x838.jpg 1536w, https:\/\/porthaller.pl\/wp-content\/uploads\/2026\/03\/sgwizualiacja-2048x1117.jpg 2048w\" sizes=\"(max-width: 2560px) 100vw, 2560px\" \/><\/a><\/figure>\n\n<h2 class=\"wp-block-post-title\"><a href=\"https:\/\/porthaller.pl\/index.php\/port-haller-baza-dla-strazy-granicznej-i-sar-analizujemy-propozycje-gazety-morskiej\/\" target=\"_self\" >Port Haller baz\u0105 dla Stra\u017cy Granicznej i SAR? Analizujemy propozycje Gazety Morskiej.<\/a><\/h2>\n\n\n<div class=\"wp-block-group wp-block-post-meta is-layout-flex wp-block-group-is-layout-flex\"><div class=\"wp-block-post-date flex\"><svg class=\"icon icon-calendar\" aria-hidden=\"true\" role=\"img\"> <use href=\"#icon-calendar\" xlink:href=\"#icon-calendar\"><\/use> <\/svg><time datetime=\"2026-03-27T15:36:49+00:00\"><a href=\"https:\/\/porthaller.pl\/index.php\/port-haller-baza-dla-strazy-granicznej-i-sar-analizujemy-propozycje-gazety-morskiej\/\">27 marca, 2026<\/a><\/time><\/div><\/div>\n\n\n<div class=\"wp-block-post-excerpt\"><p class=\"wp-block-post-excerpt__excerpt\">W najnowszej publikacji Gazety Morskiej (autorstwa redaktora Kamila Kusiera), Port Haller zosta\u0142 wskazany jako kluczowy element wzmacniania bezpiecze\u0144stwa na polskim wybrze\u017cu. Artyku\u0142 analizuje nie tylko gospodarcze aspekty budowy terminala Ro-Ro w Choczewie, ale r\u00f3wnie\u017c jego potencjaln\u0105 rol\u0119 dla s\u0142u\u017cb mundurowych i ratowniczych. Kluczowe spostrze\u017cenie: Redaktor Kamil Kusier zauwa\u017ca, \u017ce: \u201ePort Haller m\u00f3g\u0142by pe\u0142ni\u0107 dodatkow\u0105 funkcj\u0119<\/p><p class=\"wp-block-post-excerpt__more-text\"><a class=\"wp-block-post-excerpt__more-link\" href=\"https:\/\/porthaller.pl\/index.php\/port-haller-baza-dla-strazy-granicznej-i-sar-analizujemy-propozycje-gazety-morskiej\/\">KONTYNUuJ CZYTANIE<\/a><\/p><\/div><\/div>\n<\/div>\n\n<\/li><\/ul>\n\n<nav class=\"alignwide wp-block-query-pagination is-content-justification-space-between is-layout-flex wp-container-core-query-pagination-is-layout-b2891da8 wp-block-query-pagination-is-layout-flex\" aria-label=\"Stronicowanie\">\n\n\n<div class=\"wp-block-query-pagination-numbers\"><span aria-current=\"page\" class=\"page-numbers current\">1<\/span>\n<a class=\"page-numbers\" href=\"?query-3-page=2\">2<\/a>\n<a class=\"page-numbers\" href=\"?query-3-page=3\">3<\/a>\n<span class=\"page-numbers dots\">&hellip;<\/span>\n<a class=\"page-numbers\" href=\"?query-3-page=6\">6<\/a><\/div>\n\n<a href=\"\/index.php\/wp-json\/wp\/v2\/pages\/54?query-3-page=2\" class=\"wp-block-query-pagination-next has-small-font-size\">Nast\u0119pna strona<\/a>\n<\/nav><\/div>\n\n\n\n<p><\/p>\n","protected":false},"excerpt":{"rendered":"<p>AKTUALNO\u015aCI<\/p>\n","protected":false},"author":1,"featured_media":0,"parent":0,"menu_order":0,"comment_status":"closed","ping_status":"closed","template":"","meta":{"om_disable_all_campaigns":false,"_monsterinsights_skip_tracking":false,"_monsterinsights_sitenote_active":false,"_monsterinsights_sitenote_note":"","_monsterinsights_sitenote_category":0,"_themeisle_gutenberg_block_has_review":false,"footnotes":""},"class_list":["post-54","page","type-page","status-publish","hentry"],"aioseo_notices":[],"_links":{"self":[{"href":"https:\/\/porthaller.pl\/index.php\/wp-json\/wp\/v2\/pages\/54","targetHints":{"allow":["GET"]}}],"collection":[{"href":"https:\/\/porthaller.pl\/index.php\/wp-json\/wp\/v2\/pages"}],"about":[{"href":"https:\/\/porthaller.pl\/index.php\/wp-json\/wp\/v2\/types\/page"}],"author":[{"embeddable":true,"href":"https:\/\/porthaller.pl\/index.php\/wp-json\/wp\/v2\/users\/1"}],"replies":[{"embeddable":true,"href":"https:\/\/porthaller.pl\/index.php\/wp-json\/wp\/v2\/comments?post=54"}],"version-history":[{"count":102,"href":"https:\/\/porthaller.pl\/index.php\/wp-json\/wp\/v2\/pages\/54\/revisions"}],"predecessor-version":[{"id":990,"href":"https:\/\/porthaller.pl\/index.php\/wp-json\/wp\/v2\/pages\/54\/revisions\/990"}],"wp:attachment":[{"href":"https:\/\/porthaller.pl\/index.php\/wp-json\/wp\/v2\/media?parent=54"}],"curies":[{"name":"wp","href":"https:\/\/api.w.org\/{rel}","templated":true}]}}